osite number?
False
Is 32484419 a prime number?
False
Is 20351257 composite?
False
Is 76074359 a composite number?
False
Is 3897331 a composite number?
False
Is 1106363 a prime number?
True
Is 34749469 a composite number?
True
Is 61002113 composite?
True
Is 1512253 composite?
False
Is 1847377 composite?
True
Is 80956213 a prime number?
False
Is 24777931 a composite number?
True
Is 10998571 a prime number?
False
Is 16787459 a prime number?
False
Is 83007231 prime?
False
Is 90132629 composite?
True
Is 124741 composite?
True
Is 105768437 prime?
False
Is 2089933 prime?
True
Is 115566637 composite?
True
Is 1624901 composite?
True
Is 387091 composite?
True
Is 362082011 prime?
True
Is 711559 a composite number?
True
Is 1706687 prime?
True
Is 44901829 a prime number?
False
Is 818353 prime?
True
Is 150337657 a prime number?
True
Is 153928441 a prime number?
True
Is 10196569 a composite number?
False
Is 2719111 a composite number?
False
Is 5318711 a prime number?
True
Is 1417631 a prime number?
True
Is 33133787 a composite number?
False
Is 338839 a prime number?
True
Is 886251 a composite number?
True
Is 311365 a composite number?
True
Is 7328719 prime?
True
Is 145249033 composite?
False
Is 3877189 composite?
False
Is 1523783 prime?
True
Is 912340918 a composite number?
True
Is 3943477 composite?
True
Is 2547757 composite?
False
Is 14791789 composite?
False
Is 3899873 composite?
True
Is 12220823 composite?
False
Is 68818634 prime?
False
Is 187364321 a prime number?
True
Is 4494491 a prime number?
True
Is 110647037 a prime number?
True
Is 65361847 composite?
True
Is 1410951 a composite number?
True
Is 301879 composite?
True
Is 485939 prime?
False
Is 951781 a prime number?
True
Is 10986343 a prime number?
False
Is 1930879 prime?
True
Is 249866179 a composite number?
False
Is 3171353 a composite number?
True
Is 56655733 composite?
False
Is 1038053 prime?
False
Is 2650399 a composite number?
False
Is 80849 a prime number?
True
Is 25705261 prime?
True
Is 43946057 a prime number?
True
Is 20259307 a composite number?
True
Is 2431729 a composite number?
False
Is 581123 composite?
True
Is 972419 a prime number?
False
Is 4510199 a prime number?
False
Is 1065923 composite?
True
Is 7468597 a prime number?
True
Is 1867319 composite?
False
Is 62627 a composite number?
False
Is 5224441 prime?
True
Is 13511201 prime?
False
Is 381439265 a composite number?
True
Is 6921037 prime?
True
Is 743837 composite?
False
Is 9640119 a composite number?
True
Is 20689211 a prime number?
True
Is 146947393 prime?
True
Is 69667313 a prime number?
False
Is 404122883 a prime number?
True
Is 15378587 a prime number?
False
Is 3624431 prime?
True
Is 533886779 prime?
True
Is 37805673 a composite number?
True
Is 1437169181 prime?
False
Is 3439801 a composite number?
False
Is 193717 a composite number?
True
Is 1735493627 composite?
True
Is 1115677 a composite number?
True
Is 153602003 composite?
True
Is 6108805 composite?
True
Is 10440323 a composite number?
True
Is 6802063 a composite number?
False
Is 1890121 a composite number?
False
Is 68203559 a composite number?
True
Is 5171311 composite?
False
Is 1852879 composite?
True
Is 5742929 a composite number?
False
Is 692621 prime?
True
Is 77215262 composite?
True
Is 87762553 a prime number?
True
Is 36536231 a prime number?
True
Is 105798989 a composite number?
True
Is 109555 a composite number?
True
Is 897604599 prime?
False
Is 6044723 a composite number?
True
Is 2790339 a prime number?
False
Is 16636817 a prime number?
True
Is 5237389 a prime number?
True
Is 198796603 a composite number?
False
Is 127592501 prime?
True
Is 3881146 a prime number?
False
Is 405851269 a prime number?
True
Is 41873071 composite?
True
Is 132433907 prime?
True
Is 27530213 composite?
False
Is 71453513 a prime number?
False
Is 17475281 composite?
False
Is 7491489 a prime number?
False
Is 5014069 prime?
False
Is 181058237 a composite number?
False
Is 8607217 prime?
True
Is 6926687 prime?
True
Is 75979691 prime?
True
Is 7909259 composite?
False
Is 17023513 a prime number?
False
Is 14030741 a prime number?
True
Is 77065147 a prime number?
False
Is 623551 a composite number?
True
Is 72566707 a composite number?
False
Is 412162997 a composite number?
False
Is 2514461 a prime number?
False
Is 146187559 a composite number?
True
Is 186469 a prime number?
True
Is 257837 a prime number?
True
Is 7484861 a prime number?
True
Is 86828281 a composite number?
False
Is 6725141 composite?
False
Is 3645347 prime?
True
Is 33282239 composite?
False
Is 4741931 prime?
True
Is 592471 prime?
False
Is 34797241 composite?
False
Is 51536603 composite?
True
Is 1575421 composite?
False
Is 31915339 prime?
True
Is 145666259 composite?
False
Is 5618729 a prime number?
True
Is 76515077 composite?
True
Is 36989 prime?
False
Is 23985703 prime?
False
Is 16143623 a prime number?
True
Is 2344889 prime?
True
Is 38158801 composite?
True
Is 41453813 prime?
False
Is 806922458 composite?
True
Is 130992493 a composite number?
True
Is 363497117 composite?
True
Is 10882121 a prime number?
True
Is 4749933 a prime number?
False
Is 22230454 composite?
True
Is 16556851 a prime number?
True
Is 36617869 a prime number?
False
Is 8389123 prime?
True
Is 776886197 a prime number?
False
Is 2489339 a prime number?
True
Is 106333102 prime?
False
Is 2836961 a composite number?
False
Is 3444877 a composite number?
False
Is 601784899 a prime number?
True
Is 9781249 composite?
False
Is 89855439 a composite number?
True
Is 154386797 a composite number?
True
Is 8134943 a prime number?
True
Is 8007667 a composite number?
False
Is 64416379 prime?
True
Is 715381 prime?
False
Is 3136121 prime?
False
Is 10656577 a composite number?
False
Is 1997647 a composite number?
False
Is 1366907111 composite?
True
Is 141441299 composite?
False
Is 3381319 a composite number?
True
Is 86972882 composite?
True
Is 8003167 composite?
False
Is 128629399 composite?
False
Is 282562507 a prime number?
False
Is 778970113 composite?
True
Is 1418983 composite?
False
Is 1398307 prime?
True
Is 3487403 a prime number?
True
Is 2187851 a prime number?
True
Is 66169 a prime number?
True
Is 426832121 a composite number?
True
Is 1803799 composite?
False
Is 53013487 composite?
False
Is 2462371 a prime number?
False
Is 8385823 composite?
True
Is 31367563 prime?
True
Is 21554443 a prime number?
True
Is 28546666 composite?
True
Is 3942077 prime?
False
Is 7562987 a composite number?
False
Is 5508703 a prime number?
True
Is 162959 a composite number?
True
Is 30392623 a composite number?
True
Is 5223313 prime?
False
Is 29183353 prime?
False
Is 108066457 prime?
True
Is 40700953 a prime number?
True
Is 3374849 a prime number?
True
Is 4538323 a composite number?
False
Is 5696191 a composite number?
False
Is 1284541 composite?
False
Is 6255569 composite?
True
Is 896699 composite?
True
Is 1520167 prime?
False
Is 219509 composite?
True
Is 19238929 a prime number?
True
Is 180606359 a composite number?
False
Is 34893421 a composite number?
False
Is 8507605 a prime number?
False
Is 2065511 a composite number?
True
Is 6365507 a composite number?
False
Is 24961397 prime?
True
Is 1700077 a prime number?
True
Is 62643421 composite?
True
Is 57452831 a prime number?
True
Is 534283 a prime number?
True
Is 9279421 composite?
True
Is 15472643 prime?
False
Is 28405987 prime?
False
Is 944161 a composite number?
False
Is 112042277 a composite number?
True
Is 6982793 a prime number?
True
Is 4649459 a prime number?
True
Is 53969437 composite?
False
Is 149376607 a prime number?
True
Is 10140233 a composite number?
False
Is 13641153 a composite number?
True
Is 992518 a prime number?
False
Is 7849967 a prime number?
True
Is 11108791 a prime number?
False
Is 8325641 a prime number?
False
Is 63002959 a composite number?
False
Is 272743293 a composite number?
True
Is 5654881 prime?
True
Is 380935483 a composite number?
False
Is 4677077 a composite number?
True
Is 23851409 prime?
True
Is 8656787 a prime number?
True
Is 6830203 composite?
True
Is 2115277 composite?
False
Is 1573541 a prime number?
True
Is 783813 prime?
False
Is 20090081 prime?
False
Is 123256309 a prime number?
False
Is 1538819 a composite number?
True
Is 576154253 prime?
True
Is 5804413 composite?
False
Is 145626329 a prime number?
True